{"id":3,"date":"2023-07-30T03:17:23","date_gmt":"2023-07-30T03:17:23","guid":{"rendered":"https:\/\/sl-limousines.fr\/home\/yoobi\/domains\/demo.yoobi.fr\/public_html\/?page_id=3"},"modified":"2024-06-28T18:28:00","modified_gmt":"2024-06-28T18:28:00","slug":"privacy-policy","status":"publish","type":"page","link":"https:\/\/sl-limousines.fr\/?page_id=3","title":{"rendered":"Politique de confidentialit\u00e9"},"content":{"rendered":"\t\t<div data-elementor-type=\"wp-page\" data-elementor-id=\"3\" class=\"elementor elementor-3\" data-elementor-post-type=\"page\">\n\t\t\t\t<div class=\"elementor-element elementor-element-14886cd e-flex e-con-boxed e-con e-parent\" data-id=\"14886cd\" data-element_type=\"container\" data-settings=\"{&quot;background_background&quot;:&quot;classic&quot;}\">\n\t\t\t\t\t<div class=\"e-con-inner\">\n\t\t\t\t\t<\/div>\n\t\t\t\t<\/div>\n\t\t<div class=\"elementor-element elementor-element-71d296d e-flex e-con-boxed e-con e-parent\" data-id=\"71d296d\" data-element_type=\"container\">\n\t\t\t\t\t<div class=\"e-con-inner\">\n\t\t<div class=\"elementor-element elementor-element-3e0dab5 e-con-full e-flex e-con e-child\" data-id=\"3e0dab5\" data-element_type=\"container\">\n\t\t\t\t<div class=\"elementor-element elementor-element-5ac6249 elementor-widget elementor-widget-text-editor\" data-id=\"5ac6249\" data-element_type=\"widget\" data-widget_type=\"text-editor.default\">\n\t\t\t\t<div class=\"elementor-widget-container\">\n\t\t\t\t\t\t\t\t\t\n<h3 class=\"wp-block-heading\"><strong>Introduction<\/strong><\/h3>\n\t\t\t\t\t\t\t\t<\/div>\n\t\t\t\t<\/div>\n\t\t<div class=\"elementor-element elementor-element-cc22135 e-con-full e-flex e-con e-child\" data-id=\"cc22135\" data-element_type=\"container\">\n\t\t\t\t<div class=\"elementor-element elementor-element-b5a25e4 elementor-widget elementor-widget-jet-listing-dynamic-field\" data-id=\"b5a25e4\" data-element_type=\"widget\" data-widget_type=\"jet-listing-dynamic-field.default\">\n\t\t\t\t<div class=\"elementor-widget-container\">\n\t\t\t\t\t<div class=\"jet-listing jet-listing-dynamic-field display-inline\"><div class=\"jet-listing-dynamic-field__inline-wrap\"><div class=\"jet-listing-dynamic-field__content\">Merci de visiter Sl limousines. Votre vie priv\u00e9e est tr\u00e8s importante pour nous. Cette politique explique comment et pourquoi nous collectons, stockons et utilisons vos informations personnelles.<\/div><\/div><\/div>\t\t\t\t<\/div>\n\t\t\t\t<\/div>\n\t\t\t\t<\/div>\n\t\t\t\t<\/div>\n\t\t<div class=\"elementor-element elementor-element-977c0c9 e-con-full e-flex e-con e-child\" data-id=\"977c0c9\" data-element_type=\"container\">\n\t\t\t\t<div class=\"elementor-element elementor-element-7afa980 elementor-widget elementor-widget-text-editor\" data-id=\"7afa980\" data-element_type=\"widget\" data-widget_type=\"text-editor.default\">\n\t\t\t\t<div class=\"elementor-widget-container\">\n\t\t\t\t\t\t\t\t\t\n<h3 class=\"wp-block-heading\"><strong>Collecte des informations<\/strong><\/h3>\n\t\t\t\t\t\t\t\t<\/div>\n\t\t\t\t<\/div>\n\t\t<div class=\"elementor-element elementor-element-d098e07 e-con-full e-flex e-con e-child\" data-id=\"d098e07\" data-element_type=\"container\">\n\t\t\t\t<div class=\"elementor-element elementor-element-61e3259 elementor-widget elementor-widget-jet-listing-dynamic-field\" data-id=\"61e3259\" data-element_type=\"widget\" data-widget_type=\"jet-listing-dynamic-field.default\">\n\t\t\t\t<div class=\"elementor-widget-container\">\n\t\t\t\t\t<div class=\"jet-listing jet-listing-dynamic-field display-inline\"><div class=\"jet-listing-dynamic-field__inline-wrap\"><div class=\"jet-listing-dynamic-field__content\">Lorsque vous visitez Sl limousines, nous pouvons collecter les informations suivantes :\n<br><br>\n- Informations que vous fournissez en remplissant des formulaires sur notre site.\n<br>- D\u00e9tails des visites \u00e0 notre site, y compris, mais sans s'y limiter, les donn\u00e9es de trafic, de localisation, les logs et autres donn\u00e9es de communication.<\/div><\/div><\/div>\t\t\t\t<\/div>\n\t\t\t\t<\/div>\n\t\t\t\t<\/div>\n\t\t\t\t<\/div>\n\t\t<div class=\"elementor-element elementor-element-e236f36 e-con-full e-flex e-con e-child\" data-id=\"e236f36\" data-element_type=\"container\">\n\t\t\t\t<div class=\"elementor-element elementor-element-e8599a7 elementor-widget elementor-widget-text-editor\" data-id=\"e8599a7\" data-element_type=\"widget\" data-widget_type=\"text-editor.default\">\n\t\t\t\t<div class=\"elementor-widget-container\">\n\t\t\t\t\t\t\t\t\t\n<h3 class=\"wp-block-heading\"><strong>Cookies<\/strong><\/h3>\n\t\t\t\t\t\t\t\t<\/div>\n\t\t\t\t<\/div>\n\t\t<div class=\"elementor-element elementor-element-645a26d e-con-full e-flex e-con e-child\" data-id=\"645a26d\" data-element_type=\"container\">\n\t\t\t\t<div class=\"elementor-element elementor-element-4a7cb98 elementor-widget elementor-widget-jet-listing-dynamic-field\" data-id=\"4a7cb98\" data-element_type=\"widget\" data-widget_type=\"jet-listing-dynamic-field.default\">\n\t\t\t\t<div class=\"elementor-widget-container\">\n\t\t\t\t\t<div class=\"jet-listing jet-listing-dynamic-field display-inline\"><div class=\"jet-listing-dynamic-field__inline-wrap\"><div class=\"jet-listing-dynamic-field__content\">Sl limousines utilise des cookies pour distinguer les utilisateurs du site et am\u00e9liorer leur exp\u00e9rience.<\/div><\/div><\/div>\t\t\t\t<\/div>\n\t\t\t\t<\/div>\n\t\t\t\t<\/div>\n\t\t\t\t<\/div>\n\t\t<div class=\"elementor-element elementor-element-6edab31 e-con-full e-flex e-con e-child\" data-id=\"6edab31\" data-element_type=\"container\">\n\t\t\t\t<div class=\"elementor-element elementor-element-c171fa0 elementor-widget elementor-widget-text-editor\" data-id=\"c171fa0\" data-element_type=\"widget\" data-widget_type=\"text-editor.default\">\n\t\t\t\t<div class=\"elementor-widget-container\">\n\t\t\t\t\t\t\t\t\t\n<h3 class=\"wp-block-heading\"><strong>Liens vers d&rsquo;autres sites<\/strong><\/h3>\n\t\t\t\t\t\t\t\t<\/div>\n\t\t\t\t<\/div>\n\t\t\t\t<div class=\"elementor-element elementor-element-3417745 elementor-widget elementor-widget-text-editor\" data-id=\"3417745\" data-element_type=\"widget\" data-widget_type=\"text-editor.default\">\n\t\t\t\t<div class=\"elementor-widget-container\">\n\t\t\t\t\t\t\t\t\tNotre site peut, de temps \u00e0 autre, contenir des liens vers et depuis d&rsquo;autres sites. Si vous suivez un lien vers l&rsquo;un de ces sites, notez qu&rsquo;ils ont leur propre politique de confidentialit\u00e9 et que nous n&rsquo;acceptons aucune responsabilit\u00e9 pour ces politiques.\t\t\t\t\t\t\t\t<\/div>\n\t\t\t\t<\/div>\n\t\t\t\t<\/div>\n\t\t<div class=\"elementor-element elementor-element-66591af e-con-full e-flex e-con e-child\" data-id=\"66591af\" data-element_type=\"container\">\n\t\t\t\t<div class=\"elementor-element elementor-element-fbc0328 elementor-widget elementor-widget-text-editor\" data-id=\"fbc0328\" data-element_type=\"widget\" data-widget_type=\"text-editor.default\">\n\t\t\t\t<div class=\"elementor-widget-container\">\n\t\t\t\t\t\t\t\t\t\n<h3 class=\"wp-block-heading\"><strong>Modifications de notre politique de confidentialit\u00e9<\/strong><\/h3>\n\t\t\t\t\t\t\t\t<\/div>\n\t\t\t\t<\/div>\n\t\t\t\t<div class=\"elementor-element elementor-element-9564226 elementor-widget elementor-widget-text-editor\" data-id=\"9564226\" data-element_type=\"widget\" data-widget_type=\"text-editor.default\">\n\t\t\t\t<div class=\"elementor-widget-container\">\n\t\t\t\t\t\t\t\t\t<p>Toutes modifications que nous pourrions apporter \u00e0 notre politique de confidentialit\u00e9 dans le futur seront post\u00e9es sur cette page.<\/p>\t\t\t\t\t\t\t\t<\/div>\n\t\t\t\t<\/div>\n\t\t\t\t<\/div>\n\t\t<div class=\"elementor-element elementor-element-9aef297 e-con-full e-flex e-con e-child\" data-id=\"9aef297\" data-element_type=\"container\">\n\t\t\t\t<div class=\"elementor-element elementor-element-a51fa91 elementor-widget elementor-widget-text-editor\" data-id=\"a51fa91\" data-element_type=\"widget\" data-widget_type=\"text-editor.default\">\n\t\t\t\t<div class=\"elementor-widget-container\">\n\t\t\t\t\t\t\t\t\t\n<h3 class=\"wp-block-heading\"><strong>Contact<\/strong><\/h3>\n\t\t\t\t\t\t\t\t<\/div>\n\t\t\t\t<\/div>\n\t\t<div class=\"elementor-element elementor-element-11300a5 e-con-full e-flex e-con e-child\" data-id=\"11300a5\" data-element_type=\"container\">\n\t\t\t\t<div class=\"elementor-element elementor-element-3378350 elementor-widget elementor-widget-jet-listing-dynamic-field\" data-id=\"3378350\" data-element_type=\"widget\" data-widget_type=\"jet-listing-dynamic-field.default\">\n\t\t\t\t<div class=\"elementor-widget-container\">\n\t\t\t\t\t<div class=\"jet-listing jet-listing-dynamic-field display-inline\"><div class=\"jet-listing-dynamic-field__inline-wrap\"><div class=\"jet-listing-dynamic-field__content\">Pour toute question concernant cette politique de confidentialit\u00e9, contactez-nous \u00e0 sl.cannes@gmail.com.<\/div><\/div><\/div>\t\t\t\t<\/div>\n\t\t\t\t<\/div>\n\t\t\t\t<\/div>\n\t\t\t\t<\/div>\n\t\t\t\t\t<\/div>\n\t\t\t\t<\/div>\n\t\t\t\t<\/div>\n\t\t","protected":false},"excerpt":{"rendered":"<p>Introduction Merci de visiter Yoobi. Votre vie priv\u00e9e est tr\u00e8s importante pour nous. Cette politique explique comment et pourquoi nous collectons, stockons et utilisons vos informations personnelles. Collecte des informations Lorsque vous visitez Yoobi, nous pouvons collecter les informations suivantes : &#8211; Informations que vous fournissez en remplissant des formulaires sur notre site. &#8211; D\u00e9tails [&hellip;]<\/p>\n","protected":false},"author":1,"featured_media":0,"parent":0,"menu_order":0,"comment_status":"closed","ping_status":"closed","template":"elementor_header_footer","meta":{"footnotes":""},"class_list":["post-3","page","type-page","status-publish","hentry"],"_links":{"self":[{"href":"https:\/\/sl-limousines.fr\/index.php?rest_route=\/wp\/v2\/pages\/3","targetHints":{"allow":["GET"]}}],"collection":[{"href":"https:\/\/sl-limousines.fr\/index.php?rest_route=\/wp\/v2\/pages"}],"about":[{"href":"https:\/\/sl-limousines.fr\/index.php?rest_route=\/wp\/v2\/types\/page"}],"author":[{"embeddable":true,"href":"https:\/\/sl-limousines.fr\/index.php?rest_route=\/wp\/v2\/users\/1"}],"replies":[{"embeddable":true,"href":"https:\/\/sl-limousines.fr\/index.php?rest_route=%2Fwp%2Fv2%2Fcomments&post=3"}],"version-history":[{"count":0,"href":"https:\/\/sl-limousines.fr\/index.php?rest_route=\/wp\/v2\/pages\/3\/revisions"}],"wp:attachment":[{"href":"https:\/\/sl-limousines.fr\/index.php?rest_route=%2Fwp%2Fv2%2Fmedia&parent=3"}],"curies":[{"name":"wp","href":"https:\/\/api.w.org\/{rel}","templated":true}]}}